Calculate 4 + (-2 - -2) + (-1 - 0).
3
Calculate (12 - (7 - -1)) + 2 - 8.
-2
Evaluate (-1 - 0) + 0 + (0 - 1).
-2
What is -24 - -20 - (-2 - 0)?
-2
Calculate -1 + 4 + 3 + -2.
4
What is 1 + 7 + 2 - (-72 + 76)?
6
Calculate 13 - 20 - (-1 + 0) - -2.
-4
Calculate -8 + -9 + 14 + -4 + 3.
-4
What is the value of 1 + -4 + 6 + 0?
3
What is the value of -2 - (-9 + -5 + 9)?
3
What is 2 - (13 + -7) - -4?
0
Calculate 11 + (-10 - (-4 + -1 + 1)).
5
Evaluate 4 - 8 - 0 - -8.
4
4 + (0 - (5 - 5)) + -7
-3
Evaluate 9 - (5 - (-9 - -6)).
1
What is (-1 - 2) + -2 + 7 + -5?
-3
Calculate (2 - 2) + (3 - (-1 + 0)).
4
What is (9 - 1 - 5) + -2 + -3?
-2
(3 - 0) + (-20 + -1 - -16)
-2
-4 + 1 + 3 + -2
-2
5 + 3 + -5 + 1
4
Evaluate 9 + (-1 - (-4 + 7)).
5
-2 + 4 + (2 - (-2 - -2))
4
Calculate (-6 - -9 - 7) + 6.
2
What is 0 + (3 - (5 + -5))?
3
-5 + (-1 - 3) + 4
-5
2 - (-1 - -1) - (-79 - -74)
7
Evaluate 1 + 2 + -8 + 4.
-1
Calculate -3 + (-3 - (-5 + 4)).
-5
-14 - (-15 + -9) - 3
7
Calculate 2 + -9 + (2 - -1).
-4
Calculate 9 - ((1 - 6) + 15).
-1
Evaluate (-2 - -5) + (-1 - (5 + 2)).
-5
Calculate (-3 - (-5 + -11)) + -6.
7
What is the value of 3 + (-1 - 1) + -1 + 2?
2
Evaluate (3 - 2) + (4 - (8 + 1)).
-4
Calculate 0 + (0 + (1 - 2) - 2).
-3
-1 + (3 - (0 - 0))
2
Evaluate (1 - 9) + -70 + 84.
6
What is the value of -3 + 8 + -11 + -2 + 7?
-1
What is the value of -10 + (-8 - (-22 - -7))?
-3
What is the value of (11 - (5 - -1)) + (-1 - 3)?
1
Evaluate 4 + -2 + (-2 - 0) + 1.
1
Evaluate 1 + -1 + -3 + 1 + 4.
2
Evaluate -3 + (0 - -2) + 1.
0
Evaluate 9 + -14 + -12 + 11.
-6
Evaluate -2 - (-19 - -5 - (5 + -12)).
5
8 - ((4 - 13) + 11)
6
Evaluate 10 - 2 - (-2 - -6).
4
What is 5 + -1 - (-3 + 5) - 6?
-4
What is the value of 2 + (-8 - (-10 - -2))?
2
(-3 - 4) + 14 + -11 + 2
-2
What is the value of -1 + 3 - (3 - -3 - 0)?
-4
Evaluate 4 + (2 - -3 - 10) + 1.
0
(-5 - (-13 + 9)) + (1 - 4)
-4
Evaluate 7 + -4 - (6 - 3).
0
What is -1 - ((-10 - -5) + 4)?
0
Calculate -4 - -6 - (0 - -6).
-4
What is 4 - 5 - (2 + -1 + 2)?
-4
What is (-15 - -16) + (-4 - 0)?
-3
What is the value of 1 + (0 - 3) + 3?
1
-4 + 2 + 0 + 0
-2
(30 - 20) + (-9 - 3)
-2
Evaluate 3 + 0 + 3 + -4.
2
Calculate (-6 - -3) + 0 - (-2 - 6).
5
What is 12 - 20 - 4 - -1?
-11
(5 - 1) + -2 - (27 + -23)
-2
-3 + 10 - 8 - -8
7
-7 - -2 - (-4 + -1 - -7)
-7
Evaluate 17 - (-12 + (13 - -14)).
2
What is the value of 0 + 4 + 7 + -13 + 1?
-1
Evaluate 4 + (-7 - (4 - 8)) - -2.
3
What is the value of 92 - 102 - (-6 - -1)?
-5
-61 + 62 - (9 - 0 - -2)
-10
(-27 - -33) + (0 - (-1 + 0))
7
Evaluate -2 + 3 + (3 - 3).
1
(9 - 6 - 11) + (1 - -1)
-6
What is the value of (-1 - -1) + (16 - (-16 + 36))?
-4
What is the value of 7 - 12 - -2 - 3?
-6
-4 + -1 - -3 - (4 + 0)
-6
Evaluate (-1 - 11) + 6 + 3.
-3
What is -6 + (-8 - -2) + 7?
-5
Evaluate -3 + -7 + 2 + 11.
3
Calculate -6 + 5 - (0 - 1).
0
What is -9 + 10 + 1 + -4 - 2?
-4
-6 + (-4 - -10) + -2 + -1
-3
What is the value of (-1 - -6) + (-3 - -11 - 7)?
6
-4 - (-1 + (-2 - -2))
-3
What is the value of 8 + (3 - (0 + 9))?
2
Calculate (0 - 5) + 2 + -4.
-7
2 - (-2 + 1 + -2 + -1)
6
What is the value of (-1 - 8) + 4 - 3 - -2?
-6
Evaluate -6 - (4 - 2) - -6.
-2
What is the value of 7 - (-1 + 8 + -3)?
3
Evaluate 7 - (-5 + (3 - (-8 + -6))).
-5
What is the value of 3 + (-3 - (-3 + 9 - 7))?
1
What is (2 - (-3 - 0)) + (2 - -1)?
8
What is the value of (3 - 6) + 3 + 1?
1
-10 - (-6 + -11 - -9)
-2
Calculate 16 + (16 - 28) + (-4 - 1).
-1
Evaluate 11 + -6 + (7 - 11).
1
What is (1 - (4 - 7)) + 2 + -1?
5
What is the value of -1 + 5 + -3 - -3?
4
-1 + 3 - (-2 - -6) - -1
-1
What is the value of 1 - (-2 - (-2 + 4))?
5
4 + -1 + (-2 - 0) + 3
4
(-2 - -3) + -2 + 7 - 4
2
6 + -3 + -6 + 4 - 3
-2
What is the value of (-8 - (-15 + 4)) + 1?
4
What is the value of (2 - 1) + (3 - 11) + 2?
-5
-2 - (-5 + 9) - -6
0
What is -4 - (3 + (-3 - -1))?
-5
-1 + (7 + -15 - -9)
0
Evaluate 3 - 4 - (-2 + 0).
1
What is 2 - -5 - (4 - 1)?
4
Evaluate -1 + 1 - (2 + -2 + -4).
4
(-3 - 1) + (12 - 7)
1
Evaluate 3 + (1 - 4) + -4.
-4
What is 6 + 0 + 10 + -15?
1
-3 - (-9 + 0 - -2)
4
What is the value of -5 + 2 + -2 + 0 + 0?
-5
What is -5 + 4 + 0 + -3 + 2?
-2
What is the value of 26 + -17 - ((0 - -14) + -3)?
-2
Calculate 3 - (2 - 2 - -1) - 2.
0
What is the value of 9 - 0 - (-92 + 98)?
3
Calculate 5 + -3 + (6 - (6 - 3)).
5
Evaluate 2 - 4 - (1 + (-3 - -2)).
-2
2 + (6 - 7) + (-4 - 2)
-5
What is the value of -6 + 7 + (-2 - 0 - -8)?
7
What is -4 - -6 - (-13 + 6 - -3)?
6
Calculate -1 + (3 - (-4 - -4)).
2
Evaluate 3 - ((5 - 1 - 3) + -3).
5
What is 6 - ((6 - 7) + -1)?
8
Calculate 0 + 5 + (-11 - -3) + 6.
3
Calculate -5 + 2 - -4 - (10 - 7).
-2
Calculate 1 - (0 - ((9 - 7) + 0)).
3
What is the value of 3 - 4 - (-3 + 2 - -3)?
-3
Calculate 2 + -5 + 32 + -29.
0
What is the value of -3 + -6 + 1 + 5?
-3
Evaluate 0 - 1 - ((-17 - 0) + 13).
3
What is the value of 0 + -5 - (-19 + 19)?
-5
What is the value of 1 - -2 - (-42 + 49)?
-4
What is -3 + 1 + -4 - (-6 - -4)?
-4
What is 4 + -8 + 8 - 0?
4
20 + -17 - (1 - 1)
3
-1 - (4 + 1 + (3 - 5))
-4
What is the value of 3 + (-3 - (-3 + (1 - 4)))?
6
What is the value of (4 - 1) + -1 - 6?
-4
Calculate (5 - 27) + 13 - -9.
0
Calculate (-5 - -8 - (0 + 4)) + 0.
-1
What is -2 + 1 + (0 - -4) + -3?
0
What is the value of (0 - -1) + 2 - -1?
4
What is -1 + -4 + 3 + 0 + -1?
-3
What is the value of 5 - (2 + 4 - 1)?
0
Evaluate -5 + -1 + (5 - 2).
-3
0 + -4 + 5 + (5 - 1)
5
Evaluate 8 - (11 - (2 + (9 - 5))).
3
Calculate (4 - 3) + -10 - (-9 + 4).
-4
What is the value of -1 - -3 - (-45 - -53) - -12?
6
Calculate -1 - (-10 + 7) - -2.
4
Evaluate (13 - (4 - 3)) + -4.
8
(15 - 16) + 0 + -1
-2
What is 3 - (2 + (4 - 4))?
1
Calculate (0 - -2 - 1) + (8 - 9).
0
2 - (-4 + -1 - -2 - -9)
-4
What is -11 - (-4 + (-9 - -8))?
-6
Evaluate -5 + (9 - (-3 - -8)) + 4.
3
Evaluate 14 + -15 - (1 - -2 - -1).
-5
What is 3 + -5 - 0 - 3?
-5
-1 - (-1 - 2) - -3
5
Calculate 0 + -2 + -7 + 11.
2
What is (2 - 2) + (-1 - 2) + 8?
5
What is the value of (-1 - (-5 + 2)) + -3?
-1
What is 2 + -2 + (-7 - -7)?
0
What is the value of (-3 + -8 - -10) + -5 + 0?
-6
What is 1 - (-1 + (2 - 1))?
1
What is (0 - 8 - -4) + 0?
-4
What is (-5 - -1) + (-5 - -5)?
-4
What is the value of -4 + 1 - (4 - 2 - 5)?
0
Calculate 0 - (-2 - (-9 - -3)).
-4
Calculate (1 + 1 - (29 - 27)) + 5.
5
Evaluate (-2 - 9) + 12 + 3 + 1.
5
Evaluate -16 - -10 - -6 - -7.
7
What is the value of 0 - ((-19 - -15) + 8 + 1)?
-5
What is 3 + (-5 - (8 - 3)) + 5?
-2
Calculate 2 + 0 + (-3 - 2) - -7.
4
What is -3 + (8 + -16 - -12)?
1
Calculate -2 - (-13 - -8 - -9).
-6
What is the value of 0 - 1 - (2 - (3 - -5))?
5
Calculate 0 + 3 - 6 - (1 - 3).
-1
Calculate (3 - -1) + 35 + -36 - -6.
9
What is the value of 2 + 0 + 2 + -45 + 42?
1
What is the value of -3 - (-1 + -2) - 4?
-4
What is (-2 - (-3 - -6)) + 5?
0
What is -3 - (2 - (3 + 0 + -1))?
-3
What is -1 + 0 + (8 - 7)?
0
2 - (5 + (4 - 5) - -3)
-5
Evaluate 2 + -1 - (0 + 4).
-3
Calculate (13 - 3 - 11) + 5.
4
Evaluate (0 - 3) + (-7 - -5).
-5
Calculate 1 + 0 + 4 + (73 - 72).
6
Calculate -4 + (1 - 6) + -13 + 17.
-5
Calculate -2 + (-1 - 2) + 0.
-5
Calculate 9 - 18 - (-5 - 0).
-4
Calculate -4 + 4 + -3 + -1.
-4
0 + 2 + -3 - -6 - 2
3
Evaluate (-6 - -6 - -3) + -1 - 0.
2
What is the value of (-4 - -1) + (-6 - -3) + 10?
4
(-9 - -15) + (-4 - -2) + -2
2
What is -97 + 100 + (0 + 2 - 1)?
4
Evaluate (6 - (13 + -8)) + 4 + -1.
4
What is (-1 - -2) + -7 + (14 - 14)?
-6
What is the value of (-3 - -1 - (-7 - -3)) + 0?
2
Evaluate (4 - (4 - -4)) + 5.
1
What is the value of (2 - -4) + (-6 - -2)?
2
Evaluate -9 + ((1 - 2) + -1 - -6).
-5
What is the value of (3 - -4) + -5 + (2 - 1)?
3
Evaluate (1 - 0) + 2 + -8 + 10.
5
Calculate -7 - 0 - (-7 + -6 + 10).
-4
What is the value of 3 + -1 - (0 - (3 + -3))?
2
(14 - (7 - 0)) + -4
3
Calculate -6 + 7 - ((6 - -2) + -5).
-2
What is (2 - 0) + -3 - (0 + -2)?
1
1 + (-3 - 0) + 0
-2
10 - 3 - (8 + -1 - -1)
-1
Calculate 4 - 13 - (0 + -13).
4
What is (7 - 5) + -2 + 5?
5
(-6 - (-6 - -3)) + 3
0
What is -4 - ((3 - 2) + -4 - -7)?
-8
Calculate 23 + -38 - (-15 - 2).
2
7 + (-1 + -5 - -2) + -3
0
Calculate (-1 - 0) + (-3 - 1).
-5
What is 1 + (-3 - -5) + 2?
5
Evaluate -8 + 5 - (5 - 9).
1
Calculate 1 + (1 + -5 - -5) + 4.
6
What is (-6 - -10) + (-4 - 0 - -1)?
1
2 + -1 - (-6 - -3)
4
Evaluate 14 + -8 - (-2 - -1).
7
3 + -10 + 0 + -1
-8
Evaluate -2 - (0 - 1) - (0 + 2).
-3
Calcul